 = -c + 10. What is the units digit of l(3)?
7
Suppose -15 = -5*c + 55. Suppose -r + c = 2. What is the tens digit of r?
1
Let d be (-6)/(-2)*-1 + 0. Let t = -2 - d. Suppose c - t = -5, -10 = -3*i + c. What is the units digit of i?
2
Let z(f) = -17*f**2 + f. Let b be z(-1). Let c = b - -30. What is the units digit of c?
2
Let c(w) = w**2 - 13*w + 13. Let u be c(11). What is the units digit of 2/u + 292/18?
6
Suppose 2*j = -2*k - 12, j + 5*k + 8 = 2*k. Let a = j - 1. Let u = a + 10. What is the units digit of u?
4
Suppose -2*c + 141 = c. Let n = -19 + c. What is the units digit of n?
8
Let n be (-3)/6 + (-138)/(-4). Suppose -2*p - 2*k = -n, -17 = -5*p - k + 56. What is the units digit of p?
4
Suppose i + 3*i - 20 = 0. Suppose -2*l - 5 = -5*t - 3*l, 0 = 4*t + i*l - 4. Suppose 0 = 2*w - 3*a - t, 5*w = -4*a + 3*a + 11. What is the units digit of w?
2
Suppose 9 = f + 3*r - 2, -3*r = -6. Suppose -3*k = -3*d - 27, f*k - 19 - 32 = 2*d. What is the tens digit of k?
1
Let k be 8 + (0 + 0 - 1). Suppose -k = 3*n + 29. Let o = n + 17. What is the units digit of o?
5
Suppose -68 = -4*p + 2*n, -19 = -0*p - p + n. What is the tens digit of p?
1
Suppose -3*h = 2*h - 15. Let r = -12 + 23. Suppose h = -2*i + r. What is the units digit of i?
4
Suppose 5*t - 5 = 0, 45 = k + 2*t - 4*t. What is the tens digit of k?
4
What is the hundreds digit of (-8312)/(-28) - (-2)/(0 + 14)?
2
Let w(r) = r**2 + 6*r - 10. Let d be w(-10). Suppose -5*j + d = -205. Suppose -3*c - 3*a + 42 = 0, 4*c - j = c - 4*a. What is the units digit of c?
9
Suppose h = -h - 10. Let f = 6 - h. What is the tens digit of f?
1
Suppose -2*j = 2*j + 2*l - 26, -5*l + 2 = 3*j. Suppose -3*y - 5*m + 12 = -17, 0 = -y - m + j. Let p = y - 5. What is the units digit of p?
3
Let g(q) = q - 8. Let m be g(9). Let a be m/(1 - (-2)/(-3)). Suppose a*w - 17 = w + 3*o, 2*o = -10. What is the units digit of w?
1
Let l = -12 + -3. Let i = l + 22. What is the units digit of i?
7
Let w = -214 + 302. What is the tens digit of w?
8
Let h(g) = -2*g - 13. Let n be h(-7). What is the units digit of (-1 - n) + (-6 - -13)?
5
Suppose 128 = -5*s + s. Let h = s - -50. Let n = h - 13. What is the units digit of n?
5
Suppose 2*p + 5*a - 23 = 0, 3*p - 5*a - 40 = -2*p. What is the units digit of p?
9
Let l be 3 - (1 + -1)/(-2). Suppose 0 = 61*x - 56*x - 25. Let i = l + x. What is the units digit of i?
8
Let x be 2/(-6) + (-118)/6. Let j = x - -31. Suppose j = l + 3. What is the units digit of l?
8
Let y = 7 + -1. What is the units digit of y?
6
Let n(h) = -h**3 + 6. Suppose 4*i = 4*o + 16, 5*o + 30 = 2*i + 10. What is the units digit of n(i)?
6
Suppose -5*u + 17 = -x, 0*u = -2*u + 5*x + 16. Suppose 2*p - a + 11 = u*p, 0 = -4*p - a + 41. What is the tens digit of p?
1
Let r be (16/(-6))/((-6)/9). Let a(c) = r*c**2 + 6*c**2 + 2*c - c. What is the tens digit of a(1)?
1
Let h = 1 - 2. Let y be (-7 - h)*(-10)/4. Let f = y + -8. What is the units digit of f?
7
Let q(a) be the first derivative of -5*a**2/2 - 6. Let h(n) = -n - 6. Let w be h(-4). What is the units digit of q(w)?
0
Let j(u) = u**3 - 22*u**2 + 25*u + 20. What is the units digit of j(21)?
4
Let d be (-1)/(-2 + (0 - -1)). Let m = -2 - -4. Let b = m + d. What is the units digit of b?
3
Let h = -23 - -43. Let x be -3*(h/(-6))/1. Suppose 0 = 4*q - x - 18. What is the units digit of q?
7
Let f(n) = -n**2 + 9*n - 8. Let h be f(8). Suppose -c + 3 = 0, 4*y + 2*c - 6*c - 136 = h. What is the units digit of y?
7
Let y(p) = -p**2 - 4*p. Let i be y(-4). Suppose -2*z + 26 + i = 0. What is the units digit of z?
3
Suppose 0*t = -2*t + 5*m, 4*t - 24 = -2*m. Suppose -t*s = -4*s - 10. What is the tens digit of s?
1
Suppose 3*p = 2*p - 55. What is the tens digit of (p/(-2))/(-5)*-6?
3
Suppose -t + 28 = -20. What is the units digit of t?
8
Let x = 32 + -27. Suppose 3*j - 2 = -8. Let p = x + j. What is the units digit of p?
3
What is the hundreds digit of 139 - (4 + (-12)/6)?
1
Let w(g) = -2*g**2 - 5*g + 4. Let f be w(-4). Let h = f - -14. What is the units digit of h?
6
Let i = 30 + -17. What is the units digit of i?
3
Suppose -3*c - 65 = -4*b, -55 = -3*b - 0*c + c. What is the tens digit of b?
2
Suppose 5*w = 5*f - 25, -2*f - 3*w - 19 = -7*f. What is the units digit of 2 + (f - -26*1)?
0
Let f = 72 - 20. What is the units digit of f?
2
Let r = -6 - -8. Suppose -2*f = -h + 9, -4*f - r = 2*h + 4. Suppose 0*u = h*u - 42. What is the units digit of u?
4
Let g(p) = -p**3 + 11*p**2 - 4*p + 13. What is the units digit of g(10)?
3
Let g = -34 - -53. What is the tens digit of g?
1
Let x(r) be the first derivative of r**4/4 + r**3 - r**2/2 + 1. What is the units digit of x(2)?
8
Let o(u) = u**3 + u**2 - 2*u + 1. Let k be o(-2). Suppose -2 = i + k. What is the units digit of (3 - 5)/(2/i)?
3
What is the tens digit of (-135)/(-6)*16/10?
3
Suppose -j = c - 4 + 13, 2*c = 3*j + 2. Let p = c + 20. What is the tens digit of p?
1
Let g = -1 + 4. Suppose 2*v - g = 1. Suppose 4 = -r + v*r. What is the units digit of r?
4
Let g(y) = -2*y + 1. Let i(r) = r**3 - 2*r**2 + r - 4. Let h be i(3). Suppose -2*w = w + 2*t + 16, 4*w - 4*t + h = 0. What is the units digit of g(w)?
9
Suppose 0 = z + 2*z. Let o = z + 19. What is the tens digit of o?
1
Let f(i) be the second derivative of -i**3/2 - 2*i**2 - 3*i. Let q be f(-4). Suppose 4*s = -q + 44. What is the units digit of s?
9
Suppose -5*w - 2*n = -85, 4*w - 4*n - 51 = w. Suppose 5*b = w + 8. Suppose -b*x + 15 = -2*x. What is the units digit of x?
5
Suppose 0 = 2*v + 5*i - 296, -i = v - 203 + 58. What is the tens digit of v?
4
Suppose -3*b - c + 539 = -78, -4*b = 3*c - 826. What is the units digit of b?
5
Let q = 149 - 104. Suppose g + q = 4*g. What is the units digit of g?
5
Suppose -o - 14 = o. Let v = -28 - o. Let d = v - -29. What is the units digit of d?
8
Suppose -3*j + 23 = c + 3*c, 4*j = -4*c + 28. Suppose -48 = -4*w + c*l + 20, 0 = w - l - 18. What is the units digit of ((-3)/(-6))/(2/w)?
4
Let j(b) = b**3 + b**2 - 3*b + 1. Let x be -1 + -2 + 15/3. What is the units digit of j(x)?
7
Let z(y) = -6*y**2 - y + 2. Let b be z(-2). Let t = -6 - b. What is the tens digit of t?
1
Let o(x) = 2*x**2 - 10*x + 12. What is the units digit of o(6)?
4
Let t be (7 - 9) + (-10)/(-2). Suppose 40 = t*a - 8. What is the tens digit of a?
1
Let m(h) = 3*h - 9. What is the units digit of m(7)?
2
Let p = -43 + 153. What is the hundreds digit of p?
1
Suppose -182 = q - 3*q. What is the units digit of q?
1
What is the units digit of -2 - ((-24)/4 + 0)?
4
Suppose -2*z = 10 - 12. What is the units digit of z?
1
Let z(f) = 2*f**3 + 2*f**2 - f - 2. Let m be z(-3). Let p = m - -11. Let g = 35 + p. What is the units digit of g?
1
Let z(r) = 4*r**2 + 2*r + 3. Let x(n) = 5*n**2 + n + 4. Let c(j) = -5*x(j) + 6*z(j). Suppose 5 - 3 = i, 4*t - 5*i - 2 = 0. What is the units digit of c(t)?
0
Suppose -5*d - 2*u + 4*u + 4 = 0, 2*d + 10 = -5*u. Let z = d + 2. What is the units digit of z?
2
Suppose 4*s - 4*t - 248 = 0, -52 = -s - 2*t - 2*t. What is the tens digit of s?
6
Let c be -2 - -1 - (0 + -1). Let j(m) = 49*m**2 - 48*m**2 + c + 3 - m. What is the units digit of j(4)?
5
What is the tens digit of (24/(-60))/(1/(-80))?
3
Let h = -1 - -16. What is the tens digit of h?
1
Let a(r) = -47*r + 2. Let k be a(-1). Let m = k - 19. What is the units digit of m?
0
Suppose r + 171 = 5*p, 29 = p + r + 4*r. What is the tens digit of p?
3
Let i = 10 - 6. Suppose 0 = -i*x + 8*x - 48. What is the units digit of x?
2
Let t(h) = -2*h**2 - 3*h + 2. Let y be t(-3). Let j = 20 + y. What is the units digit of j?
3
Let d(r) = -3*r + 5 + 6*r**2 + 1 - r**3 - 2. What is the tens digit of d(5)?
1
Suppose -9 = -5*q + 6. Let l = -8 - q. Let y = -3 - l. What is the units digit of y?
8
Let a be 1/(-3) - 39/(-9). Suppose b - 32 = 3*t, 0 = a*b + 3*t - 86 - 27. What is the tens digit of b?
2
Let b = -5 - -3. Let t = b - -5. What is the units digit of t?
3
Suppose -16 + 6 = -2*z. Suppose 0 = u + z*u - 72. What is the units digit of u?
2
Suppose 4*q - 7 = 5. Let h = q - -2. Suppose -24 = -h*a + 3*a. What is the tens digit of a?
1
Let t(j) = -j**2 - 10*j + 7. Let v be t(-10). Let x = v - -2. What is the units digit of x?
9
Suppose -162 = -4*l - b, -l + 0*l = -b - 38. Suppose 5*j + l = 6*j. What is the tens digit of j?
4
Suppose 497 - 163 =